{"id":4399,"date":"2026-01-27T21:30:34","date_gmt":"2026-01-28T03:30:34","guid":{"rendered":"https:\/\/aruedasophie.com\/shop\/?page_id=4399"},"modified":"2026-01-28T10:51:49","modified_gmt":"2026-01-28T16:51:49","slug":"comunidad","status":"publish","type":"page","link":"https:\/\/aruedasophie.com\/shop\/comunidad\/","title":{"rendered":"Comunidad"},"content":{"rendered":"\n<p class=\"has-text-align-center\"><strong>M\u00e1s que una clase, somos un movimiento.<\/strong><\/p>\n\n\n\t<p data-spectra-id=\"spectra-mkxhgf14-3a203o\"\t\tclass=\"wp-block-spectra-content\">\n\t\tAqu\u00ed es donde el sudor se convierte en sonrisas y el esfuerzo individual se transforma en una fuerza colectiva. Cada video que ves aqu\u00ed es un testimonio de que la distancia no es barrera para la motivaci\u00f3n. No estamos solo pedaleando; estamos construyendo una comunidad donde cada saludo enviado es un impulso para el siguiente kil\u00f3metro. Gracias por abrirnos las puertas de tu casa, por cada gota de energ\u00eda compartida y por recordarnos que, aunque entrenes por tu cuenta, <strong>nunca pedaleas solo.<\/strong>\t<\/p>\n\n\n\n<p>\u00bfPor qu\u00e9 ser parte?<\/p>\n\n\n\n<p><strong>Seguridad y Confianza:<\/strong> Nos cuidamos entre todos; recuerda que siempre puedes consultar nuestras pautas de convivencia y pol\u00edticas<\/p>\n\n\n\n<p><strong>Inspiraci\u00f3n Real:<\/strong> Alumnos reales, retos reales y resultados aut\u00e9nticos.<\/p>\n\n\n\n<p><strong>Conexi\u00f3n Total: <\/strong>Te permite sentir esta energ\u00eda desde cualquier dispositivo, ya sea en tu m\u00f3vil mientras entrenas o en tu tablet.<\/p>\n\n\n<div data-spectra-id=\"spectra-mky9hdfn-8ch8hw\" style=\"display: flex; justify-content: center; \" class=\"wp-block-spectra-separator wp-block-spectra-separator\">\n\t<div class=\"spectra-separator-line\" style=\"margin-left: auto; margin-right: auto; background-color: currentColor; \"><\/div>\n<\/div>\n\n\n<div data-spectra-id=\"spectra-mky95fjg-to643r\"\tstyle=\"overflow: visible;\" class=\"spectra-is-root-container alignfull spectra-overlay-color spectra-overflow wp-block-spectra-container\" data-orientation=\"horizontal\"\t>\n\t\n\n<figure class=\"wp-block-video wp-container-content-b04ba3db\"><video height=\"848\" style=\"aspect-ratio: 480 \/ 848\" width=\"480\" controls src=\"https:\/\/aruedasophie.com\/shop\/wp-content\/uploads\/2026\/01\/0128.mp4\"><\/video><\/figure>\n\n\n\n<figure class=\"wp-block-video wp-container-content-b04ba3db\"><video height=\"848\" style=\"aspect-ratio: 480 \/ 848\" width=\"480\" controls src=\"https:\/\/aruedasophie.com\/shop\/wp-content\/uploads\/2026\/01\/0129.mp4\"><\/video><\/figure>\n\n\n\n<figure class=\"wp-block-video wp-container-content-b04ba3db\"><video height=\"848\" style=\"aspect-ratio: 480 \/ 848\" width=\"480\" controls src=\"https:\/\/aruedasophie.com\/shop\/wp-content\/uploads\/2026\/01\/0132.mp4\"><\/video><\/figure>\n\n<\/div>\n\n\n<div data-spectra-id=\"spectra-mky5rb1u-9fldcp\"\tstyle=\"overflow: visible;\" class=\"spectra-is-root-container alignfull spectra-overlay-color spectra-overflow wp-block-spectra-container\" data-orientation=\"horizontal\"\t>\n\t\n<div data-spectra-id=\"spectra-mky8y9il-h0sq1w\" style=\"overflow: visible\" class=\"spectra-overlay-color spectra-overflow wp-block-spectra-container\" data-orientation=\"horizontal\">\n\t\n\n<figure class=\"wp-block-video wp-container-content-b04ba3db\"><video height=\"848\" style=\"aspect-ratio: 480 \/ 848\" width=\"480\" controls src=\"https:\/\/aruedasophie.com\/shop\/wp-content\/uploads\/2026\/01\/0141.mp4\"><\/video><\/figure>\n\n\n\n<figure class=\"wp-block-video wp-container-content-b04ba3db\"><video height=\"848\" style=\"aspect-ratio: 480 \/ 848\" width=\"480\" controls src=\"https:\/\/aruedasophie.com\/shop\/wp-content\/uploads\/2026\/01\/0131.mp4\"><\/video><\/figure>\n\n\n\n<figure class=\"wp-block-video wp-container-content-b04ba3db\"><video height=\"848\" style=\"aspect-ratio: 480 \/ 848\" width=\"480\" controls src=\"https:\/\/aruedasophie.com\/shop\/wp-content\/uploads\/2026\/01\/0130.mp4\"><\/video><\/figure>\n\n<\/div>\n\n<\/div>\n\n\n<div data-spectra-id=\"spectra-mkxhh9yf-iq5eap\" style=\"display: flex; justify-content: center; \" class=\"wp-block-spectra-separator wp-block-spectra-separator\">\n\t<div class=\"spectra-separator-line\" style=\"margin-left: auto; margin-right: auto; background-color: currentColor; \"><\/div>\n<\/div>\n","protected":false},"excerpt":{"rendered":"<p>M\u00e1s que una clase, somos un movimiento. \u00bfPor qu\u00e9 ser parte? Seguridad y Confianza: Nos cuidamos entre todos; recuerda que siempre puedes consultar nuestras pautas de convivencia y pol\u00edticas Inspiraci\u00f3n Real: Alumnos reales, retos reales y resultados aut\u00e9nticos. Conexi\u00f3n Total: Te permite sentir esta energ\u00eda desde cualquier dispositivo, ya sea en tu m\u00f3vil mientras entrenas [&hellip;]<\/p>\n","protected":false},"author":1,"featured_media":0,"parent":0,"menu_order":0,"comment_status":"closed","ping_status":"closed","template":"","meta":{"_uag_custom_page_level_css":"","site-sidebar-layout":"default","site-content-layout":"","ast-site-content-layout":"default","site-content-style":"default","site-sidebar-style":"default","ast-global-header-display":"","ast-banner-title-visibility":"","ast-main-header-display":"","ast-hfb-above-header-display":"","ast-hfb-below-header-display":"","ast-hfb-mobile-header-display":"","site-post-title":"","ast-breadcrumbs-content":"","ast-featured-img":"","footer-sml-layout":"","ast-disable-related-posts":"","theme-transparent-header-meta":"","adv-header-id-meta":"","stick-header-meta":"","header-above-stick-meta":"","header-main-stick-meta":"","header-below-stick-meta":"","astra-migrate-meta-layouts":"set","ast-page-background-enabled":"default","ast-page-background-meta":{"desktop":{"background-color":"var(--ast-global-color-4)","background-image":"","background-repeat":"repeat","background-position":"center center","background-size":"auto","background-attachment":"scroll","background-type":"","background-media":"","overlay-type":"","overlay-color":"","overlay-opacity":"","overlay-gradient":""},"tablet":{"background-color":"","background-image":"","background-repeat":"repeat","background-position":"center center","background-size":"auto","background-attachment":"scroll","background-type":"","background-media":"","overlay-type":"","overlay-color":"","overlay-opacity":"","overlay-gradient":""},"mobile":{"background-color":"","background-image":"","background-repeat":"repeat","background-position":"center center","background-size":"auto","background-attachment":"scroll","background-type":"","background-media":"","overlay-type":"","overlay-color":"","overlay-opacity":"","overlay-gradient":""}},"ast-content-background-meta":{"desktop":{"background-color":"var(--ast-global-color-5)","background-image":"","background-repeat":"repeat","background-position":"center center","background-size":"auto","background-attachment":"scroll","background-type":"","background-media":"","overlay-type":"","overlay-color":"","overlay-opacity":"","overlay-gradient":""},"tablet":{"background-color":"var(--ast-global-color-5)","background-image":"","background-repeat":"repeat","background-position":"center center","background-size":"auto","background-attachment":"scroll","background-type":"","background-media":"","overlay-type":"","overlay-color":"","overlay-opacity":"","overlay-gradient":""},"mobile":{"background-color":"var(--ast-global-color-5)","background-image":"","background-repeat":"repeat","background-position":"center center","background-size":"auto","background-attachment":"scroll","background-type":"","background-media":"","overlay-type":"","overlay-color":"","overlay-opacity":"","overlay-gradient":""}},"footnotes":""},"class_list":["post-4399","page","type-page","status-publish","hentry"],"uagb_featured_image_src":{"full":false,"thumbnail":false,"medium":false,"medium_large":false,"large":false,"1536x1536":false,"2048x2048":false,"woocommerce_thumbnail":false,"woocommerce_single":false,"woocommerce_gallery_thumbnail":false},"uagb_author_info":{"display_name":"admin","author_link":"https:\/\/aruedasophie.com\/shop\/author\/admin\/"},"uagb_comment_info":0,"uagb_excerpt":"M\u00e1s que una clase, somos un movimiento. \u00bfPor qu\u00e9 ser parte? Seguridad y Confianza: Nos cuidamos entre todos; recuerda que siempre puedes consultar nuestras pautas de convivencia y pol\u00edticas Inspiraci\u00f3n Real: Alumnos reales, retos reales y resultados aut\u00e9nticos. Conexi\u00f3n Total: Te permite sentir esta energ\u00eda desde cualquier dispositivo, ya sea en tu m\u00f3vil mientras entrenas&hellip;","_links":{"self":[{"href":"https:\/\/aruedasophie.com\/shop\/wp-json\/wp\/v2\/pages\/4399","targetHints":{"allow":["GET"]}}],"collection":[{"href":"https:\/\/aruedasophie.com\/shop\/wp-json\/wp\/v2\/pages"}],"about":[{"href":"https:\/\/aruedasophie.com\/shop\/wp-json\/wp\/v2\/types\/page"}],"author":[{"embeddable":true,"href":"https:\/\/aruedasophie.com\/shop\/wp-json\/wp\/v2\/users\/1"}],"replies":[{"embeddable":true,"href":"https:\/\/aruedasophie.com\/shop\/wp-json\/wp\/v2\/comments?post=4399"}],"version-history":[{"count":16,"href":"https:\/\/aruedasophie.com\/shop\/wp-json\/wp\/v2\/pages\/4399\/revisions"}],"predecessor-version":[{"id":4484,"href":"https:\/\/aruedasophie.com\/shop\/wp-json\/wp\/v2\/pages\/4399\/revisions\/4484"}],"wp:attachment":[{"href":"https:\/\/aruedasophie.com\/shop\/wp-json\/wp\/v2\/media?parent=4399"}],"curies":[{"name":"wp","href":"https:\/\/api.w.org\/{rel}","templated":true}]}}